5 - (-1 - 22)?
2
What is -120 + 101 + 1 + 8?
-10
Evaluate -10 + -11 + -15 + 15 + 18.
-3
What is the value of 2 + 0 - 43 - (1272 - 1289)?
-24
1 + -25 - (10 + 2 - (19 + -12))
-29
-5 + -10 + (-1 - -6) - (35 + -37)
-8
What is the value of -26 + (-20 - 1 - (49 + -65))?
-31
-47 - -14 - (0 + 0)
-33
Calculate -5 + 9 + 11 + -28.
-13
What is -14 - (10 + -3 + -15) - -30?
24
What is the value of 10 - -4 - 2 - 7?
5
Evaluate (-2 - -1) + 2 - 10 - (1005 - 1012).
-2
33 - -30 - 80 - (-3 - (1 + -2))
-15
Evaluate -3 + (7 - (-1 - -3)) + (3 - 7).
-2
-1 - (7 + (8 - 11))
-5
Calculate -15 + 7 - -2 - (5 - 5).
-6
(-1 - -2) + ((-6 - 36) + -2 - -10)
-33
Calculate -10 + -6 + -20 + 21.
-15
Calculate 24 - 64 - (4 + -46).
2
What is the value of 17 - 13 - (-13 + 0 - (-20 + 18))?
15
0 + -17 + 2 - (-2479 - -2477)
-13
Evaluate 21 + (-12 + 8 - 1).
16
Calculate 0 - (-10 - -14 - (33 - (-6 + 13))).
22
Evaluate -3 - 3 - 2 - -9 - 9.
-8
What is (-21 - (-3 - -2)) + 4 + 5 - 2?
-13
Evaluate 28 + -35 - (-3 + -3 + 2).
-3
Calculate -12 - -2 - (14 - (17 + -5)).
-12
What is the value of 15 + -1 + -2 - 20?
-8
26 - 46 - (1 - 1 - (3 + 4))
-13
Evaluate (-39 + 108 - 33) + -19.
17
What is 1 + -1 - (-13 + 8 + 33 + -8)?
-20
-3 + (6 + -7 - -11 - 7)
0
What is 18 + -17 - (6 - (-1 + 8))?
2
What is -28 + (2 + -9 + 0 - -14)?
-21
What is -20 - (3 + (-6 - 17) + 11)?
-11
(-29 - (14 - 23)) + 33
13
What is the value of (7 - 0) + (5 - (-1 - -11))?
2
What is the value of 25 + (-9 - -1) - (19 + 2 + -12)?
8
Evaluate 5 - 3 - (8 + -7 - 1).
2
Evaluate 1 + 2 - -2 - (29 + -41).
17
Evaluate -2 - (-6 - 2) - (62 + -53) - -6.
3
What is the value of 10 + 6 + -4 + -23?
-11
What is -11 + 39 - (-12 + 35)?
5
What is the value of -6 - (-2 + 1 + 1 + (-267 - -272))?
-11
Evaluate (2 - -1) + -1 + -14.
-12
-635 + 631 - (-9 + 1 + 0)
4
Calculate 44 + 23 + -5 + 17 + -50.
29
Calculate 4 - ((-7 - -20) + -7 - 13).
11
What is 6 + (-21 - (11 + -22 + 13)) + 8?
-9
Calculate -40 + -7 + 28 - (-14 - -3).
-8
Calculate -9 - ((3 - 3 - -11) + -2).
-18
What is the value of 2 + 0 - ((47 - 14) + -21)?
-10
What is -16 + -23 + -5 - -29?
-15
Calculate (7 - -1) + 21 + -21 + -6.
2
What is the value of -12 - (-18 + (-15 - -6))?
15
What is (-12 + 18 - 9) + 2 + -11?
-12
What is the value of (-1 - 2) + -5 + 33 - 6?
19
What is (-57 - -21 - -53) + -6 + -1?
10
What is the value of (66 + -70 - (-3 - -4 - -2)) + 39?
32
What is the value of (-6 - 3 - (11 + -25 - -14)) + 10?
1
What is 14 + (2 - -9 - 0 - 9)?
16
Calculate 5 - -2 - (-6 - (-11 - -3)).
5
What is (-5 - (-46 + 48)) + (1 - 8)?
-14
What is the value of 0 + 1 + -9 + 38 + (-11 - 26)?
-7
2 + -4 - -6 - (381 - 405)
28
What is (22 - (-1 + 4 + -1)) + -9?
11
What is the value of (-19 - -6) + 0 + 5?
-8
Calculate (18 - (-16 + 7 + 16)) + -9 + 16.
18
What is -2 - 2 - (-15 - (11 + -38) - -6)?
-22
Evaluate 14 + (-1 - (9 + 12)) + (1 - 5).
-12
What is the value of -9 - (-26 - -6 - -10)?
1
What is the value of -123 + 118 - (-10 - -1)?
4
Evaluate -4 - ((-117 - -121) + (0 - 1)).
-7
What is the value of 19 + -5 + -11 + -5 + -2?
-4
What is -6 + (-10 - (10 + -34) - 2) + -25?
-19
13 + 32 - 29 - -18
34
-73 + 8 + 32 - -11
-22
What is the value of -2 + 2 + -18 + (4 - -9)?
-5
Calculate (-759 - -776) + -8 + 1.
10
(-24 + 23 - 0) + -16
-17
Evaluate (1 - ((4 - 12) + 8 - -1)) + 8.
8
Evaluate 12 + -1 + -1 + (61 - 70).
1
Calculate -11 - 2 - (-3 + (1 - 2)) - 8.
-17
(9 - (5 + -3)) + (-110 - -89)
-14
Calculate -26 + (59 - 18) + 4.
19
Calculate -57 + -17 + 50 + 31.
7
Evaluate (-1 - 0) + (11 - (29 + (-21 - -6))).
-4
-1 - 15 - ((2 - -9) + -8 - 1)
-18
17 + (-52 - (22 + -54))
-3
Evaluate -56 + 0 + 83 + -41.
-14
Evaluate (-11 - 5 - -7) + -3.
-12
What is (1 - -34) + (-15 - (32 + -28))?
16
Evaluate 25 - (1 - (-5 - (3 - 0))).
16
What is -1 + -16 - 4 - 2?
-23
What is the value of (1 - 6) + (19 + -11 - 11) + -4?
-12
-20 - (6 - -6 - (-66 - -62))
-36
(7 - -3) + 13 + (4 - 37)
-10
Calculate 3 - (36 + (-63 - -7)).
23
6 - (22 - (3 - -13)) - (0 + 2)
-2
5 - (6 + (-5 - -3) + 2)
-1
Calculate 9 + -1 + (-30 - (-52 + 26)) + 17.
21
What is the value of -2 + -1 + (1 - 2) - (53 - 43)?
-14
What is (29 - 19) + -25 - 8?
-23
698 + -736 - (-17 + 0)
-21
What is (62 - 64) + 3 + -9?
-8
-12 + 3 - (21 + -36)
6
Evaluate -11 - -2 - (-7 + -6 + 14).
-10
What is the value of (1 - -7) + (-6 + -8 + 1 - 6)?
-11
What is 6 - ((-7 - -5 - -5) + -9)?
12
Evaluate -6 + 0 + 0 + 8 + (2 - 18).
-14
What is (-6 - -13 - 0) + -2 + 3?
8
What is the value of 17 - (-4 + 12 + (-2 - 3))?
14
Calculate -29 - (-81 + 20 + 17).
15
What is the value of 2 + (-9 + 2 + 15 - 4)?
6
What is the value of -25 - (-28 + 5) - (-1 + (1 - -8))?
-10
What is -12 + (-20 - (12 + -38))?
-6
What is 2 + 10 - (17 + 16 + -3)?
-18
Calculate -1 + (-5 - 26 - -53).
21
What is 12 - (-7 - -4) - 13?
2
Calculate 1082 - 1064 - (1 + 42).
-25
Calculate (2 - 14) + (-13 - -9 - 2).
-18
What is the value of 6 - ((15 - 31) + 20)?
2
What is the value of 756 + -764 + 2 + -1?
-7
What is the value of (35 - -5) + (1 - (-2 + 15))?
28
(3 - (3 - 18)) + -9
9
Evaluate -2 + (10 - (-10 + 21)).
-3
50 + -14 + -46 + 0 + -1
-11
What is the value of (-15 - -1) + -63 + 64?
-13
0 + -7 - (-46 + 17 - -14)
8
What is the value of -1 - ((-3 - -12) + -2 + 8)?
-16
What is -13 + 0 + 22 - 9?
0
What is 2 + 21 + -13 + -19?
-9
4 + (-6 + 5 - (4 - -12))
-13
Evaluate 29 + (-3 - (0 - -5) - -9 - -1).
31
Evaluate 9 + -4 + (0 - (-1 + -5)) + 1.
12
Calculate 10 + -5 - (-6 + 12).
-1
(-12 - 10) + 67 - (-2 - -18)
29
4 + -14 + 2 + -1 + 3
-6
Calculate (-17 - (40 - 70)) + (-2 + 1 - -1).
13
What is 4 + 12 - (-3 + 13) - (-2 + -1)?
9
5 + -4 + 7 + 6 + -11
3
(8 - (15 - -13)) + 12 + -8 + -1
-17
Evaluate (-18 - (0 + 0)) + (-17 - (17 - 37)).
-15
What is the value of ((-2 - (3 - 6)) + -3 - -1) + -3?
-4
8 - ((-25 - -43) + -6)
-4
Calculate 4 - -1 - ((23 - -1) + -24).
5
What is 1 + 3 + (-1 - (0 + -4)) + -10?
-3
-1 + 0 - (-10 + (2 - (7 - 7)))
7
What is the value of -1 - (-4 - (7 + -5) - (-4 + 0))?
1
Calculate 369 + -375 - (0 + 0 + -8).
2
Evaluate -13 + 0 - ((9 - -7) + -24).
-5
What is the value of -17 - (-11 - (-17 - (-12 + 2)))?
-13
-52 + 63 + -25 - (-12 + -1)
-1
What is the value of (-1 - 1) + -15 + (6 - 25) + 9?
-27
-13 + (8 - (18 - 11))
-12
What is -15 - (14 - (-1 + 37))?
7
What is the value of 72 + -78 + (-16 - -35)?
13
Calculate -16 + (28 - (-1 - -22)).
-9
0 + -9 - (59 - 43)
-25
-13 + (141 - 125) + (-9 - 2)
-8
Evaluate -24 + (-21 - -10) - -16.
-19
(2 - (-2 - 15)) + -14
5
Calculate 10 + 12 + -9 + -26.
-13
Evaluate (-68 - -62) + (-4 - 2) + (7 - 0).
-5
What is -7 + 12 + 3 + -14?
-6
Calculate 328 + -327 - (15 + 0).
-14
What is the value of 8 - (0 + -4 + 15 + 1)?
-4
What is the value of 35 + -17 - 19 - -16?
15
Calculate 0 + 6 - (0 + -1 + (-19 - -16)).
10
Calculate -1 + (6 - 1) + -11 + 19.
12
What is the value of -15 - (20 + -16 - 3)?
-16
What is (5 + -1 - -1) + (369 - 379)?
-5
What is the value of 6 - (22 + (-21 - -7))?
-2
What is -4 + -16 + 26 + -12?
-6
Evaluate (-1 - -2) + -3 + 0 + -13.
-15
What is 1 + -1 + 2 - (-8 - -18)?
-8
Evaluate (-14 - -5) + (-16 + 8 - -7).
-10
Evaluate -2 + (28 - 11 - (4 + 6)) - 9.
-4
5 + 4 + -5 + -2 + -10
-8
Evaluate (2 - 11) + (412 - 399).
4
What is the value of 2 + -1 + (32 + -14 - 15)?
4
What is 2 + (-2 - -1) + -2991 + 2992?
2
What is the value of -14 + (10 - 3) + 82 + -60?
15
What is -13 - ((2 + -11 - 1) + -25)?
22
-3 - (10 + -15 + 1 + 0 + 0)
1
What is the value of -5 + 9 + (-17 - -8)?
-5
What is the value of (-5 - 5) + 48 + -29?
9
What is the value of -2 - 2 - (12 - (-4 - (-6 + -6)))?
-8
Evaluate -14 + (12 - 17) + 7.
-12
Calculate 31 - (32 - 28) - 12.
15
What is (-11 - (21 + -35)) + 1 + 14?
18
What is the value of -8 + (-2 - 0) - (-3 + -8 + 14)?
-13
What is 8 - -7 - 7 - -6 - -4?
18
(-45 - -50) + 13 + 0 - 14
4
Evaluate 2 - 4 - 4 - (-33 + 47 + -23).
3
-427 + 422 + (-1 - -18)
12
(1 + -1 - -23) + 1063 + -1053
33
Calculate 8 + (3 - 11) + (2 - 1) - 3.
-2
What is the value of (-3 - -17) + (8 - (23 - 16))?
15
Evaluate 10 + (-15 - (5 + 1)).
-11
Evaluate 4 + 2 + -8 + -28.
-30
What is the value of 5 + 17 - (-7 + 8 + (-2 - -2))?
21
Evaluate -35 + (19 - (31 + -31)).
-16
What is (-25 - 0) + (-258 - -277)?
-6
-4 + 12 + -13 + 15
10
What is the value of 18 + (-4 - -6) - 9?
11
-14 + 11 - (-6 + 4 + 8 + -9)
0
What is the value of -24 + 17 + 12 + 0 + (2 - -8)?
15
Evaluate -9 + (0 + -18 - (-13 - (2